 - -18 - 9).
-84
What is the value of -5 - (-26 + 28 + -96 - (-2 - 6)) - 10?
71
Evaluate (-249 - -126) + (9 - 4 - -17).
-101
-67 - (-40 + -43 + 49)
-33
Calculate 46 + -8 + -46 + 4 + -30 + -2.
-36
Evaluate -57 + -53 + 195 + -135.
-50
12 + (34 - 15 - (25 - 19))
25
What is the value of -53 - 1 - ((-1 - -4) + -17)?
-40
Evaluate -66 + (-51 - -38) + 62 + 54 + 0.
37
What is the value of (-8 - 14) + 13 + 77 + -100?
-32
-9 - 8 - (-1 + -5 + -6) - -25
20
What is 58 + (0 + -27 + 3 - (1 - 12))?
45
What is the value of -21 - (-4 - (37 - 4))?
16
(-735 - -600) + (72 - 4) + 0 + 16
-51
(-2 - 0) + -10 - (80 + -103)
11
Evaluate 8 - (-229 - -123 - -113).
1
What is the value of -62 - (-99 + 219) - -69?
-113
10 - ((-57 - -60) + 5 + (54 - (-10 - -6)))
-56
Calculate (-24 - -66) + -114 - -90.
18
What is the value of 3573 - 3557 - (1 + 48)?
-33
(-20 + 16 - 12) + 57 + (-19 - 1)
21
Evaluate -30 + 12 - ((-3 - -1 - -7) + -12).
-11
Evaluate (12 - -14) + -92 + (9 - (11 + -4) - 15).
-79
What is 10 - 13 - (11 - (8 + (-4 - 83)) - 9)?
-84
What is (-30 - -2) + 28 - (6 + -41)?
35
-237 + 62 - -63 - -177
65
What is (40 - 11) + -29 + (-1 + -2 - (-37 - -31))?
3
-18 + 11 + 0 + -8 + 0 - 12
-27
-23 - -15 - (-30 - (0 + 11 - 19))
14
Calculate -3 - (-8 - -19) - -3 - (-3 + 22 + 4).
-34
What is the value of -51 - (-3 + (-48 - 29))?
29
-9 + 23 + (-10 + -21 - -132)
115
Calculate 1 + (-7 - -2) - (-1 - -29 - (-2887 + 2891)).
-28
Evaluate 33 + -8 + -34 + 49.
40
What is the value of 787 + -740 + (13 - (-2 - 2))?
64
(-1409 - -1383) + 44 + 5
23
Evaluate 10 + (20 - -3) - (-7 + 19 - 5).
26
What is -42 + (246 + -240 - (2 + -3 + 12)) + 4?
-43
Calculate -2 + -10 + (-457 + 456 - ((0 - -2) + 2)).
-17
What is the value of -38 - 14 - (-3 - -17 - 11 - -6)?
-61
Evaluate 101 + -76 - 40 - (2 - -36).
-53
What is -1 + 5 + (1 - (0 + 0)) - (-310 + 341)?
-26
Evaluate -25 + -2 + (96 - -18) - -25.
112
Calculate (-1 - 1) + -15 - (43 + -172 + 89).
23
Calculate (-234 - -227) + (5 + 25 + 4 - -2).
29
What is -36 + (-95 - (-45 + -30))?
-56
Calculate 34 + 104 + -86 - -55.
107
(-1 + -10 - (-248 + 248)) + (39 - 3)
25
What is the value of -13 - (11 - 38 - -35 - -14)?
-35
What is the value of (-3 + (2 - 1) - -7) + 178 + (-33 - 31)?
119
(29 + -9 - -1 - 50) + (-1 - -9)
-21
Calculate -7 + -86 + -1 + 6 - (-153 - -152).
-87
What is the value of -576 - -607 - (1 - -82)?
-52
What is the value of 22 - ((3 - 13) + 18) - 30?
-16
Evaluate (0 - -6 - 4) + (708 - 656).
54
What is 0 + -28 + -634 + 644 + (24 - 11)?
-5
What is the value of (-14 + 1 - -10) + (-25 - -11 - -41)?
24
Evaluate -183 + (-19 - -174) - (18 - (1 + 0)).
-45
-112 + (8 - (-10 - 43))
-51
(19 + -4 + -15 + 6 - (8 - -1)) + -7
-10
Evaluate 5 - (-8 + -1 + (33 - 49) + 71).
-41
What is 3 - -9 - 2 - ((15 - -112 - 11) + -4)?
-102
What is -35 + (46 - 18) - (-11 + 11 + 103 + 2)?
-112
What is -99 - (31 + -333 + 70)?
133
-28 + -20 + 18 - (-10 - (6 - 12))
-26
Evaluate 18 + 24 + -93 + 50.
-1
(31 - (53 + -28) - (1 + -2) - 73) + 6
-60
36 + (24 + -29 - -59) + -27
63
Calculate 7 + 63 - (13 + -18 + 22 + -11).
64
What is 100 - 104 - (2 + 1) - (-70 - -125)?
-62
Calculate (-16 + 24 + (-6 - -3) - 14) + 45.
36
Evaluate -6 + (2 - -11 - (-34 - -21 - -31)).
-11
Evaluate -39 + -31 + -12 + 31.
-51
(-35 - (39 - 76)) + 13
15
Evaluate (-73 - -20) + -59 - -37.
-75
Calculate (0 - -29 - (23 - (-13 - -35))) + -6.
22
(-33 - 20) + 32 + -7 + -90
-118
What is -231 + 177 + 78 + -95?
-71
Calculate (-11 - ((3 - 19) + 2)) + -13.
-10
What is -2 + -74 - (-4421 + 4396)?
-51
-2 + -20 + -1 - (2667 - 2763)
73
What is the value of 21 - (-56 - (5 + -56))?
26
82 + (2 - 4) + 8736 + -8765
51
What is (7 - -26 - 19) + 9 + -18 - (5 + -44)?
44
Calculate -6 - (34 + 61 + -115).
14
What is 15 + (3 - 14) + -2 + -14 + -13?
-25
What is (5 + (-5 - 0) - -11) + -6 - 0?
5
Evaluate (8 - -30) + 0 - (10 - (8 + -10 + 10)).
36
Evaluate -14 - (2 - (12 - -2) - 6).
4
Calculate 8 + 27 + -30 + (3 - -3) + 2 + 1.
14
What is -11 - (-149 - (-116 + -60))?
-38
What is the value of 17745 + -17820 + 109 + 0?
34
Evaluate 6 + 23 + -6 - (-3 + 1).
25
Evaluate -36 + 38 + -35 - -36 - (2 + 76).
-75
Evaluate -13 + 0 - (-1 - -13 - (-55 - -71)).
-9
What is the value of (-28 - -77) + -3 + -4?
42
What is 29 + (-22 - (30 + 121 + -17))?
-127
Evaluate (30 + -1 - (-29 + 35)) + (-1 - (23 + -34)).
33
What is 14 + (-45 + 15 - -44)?
28
Calculate -22 + (-253 - -221 - (-12 + 0)).
-42
What is -50 + (22 - (-19 + 41 + -17 - 0))?
-33
(36 - (28 + -3 - 9)) + 46
66
What is 43 + (-9 + 28 - 35 - 1) - -15?
41
Evaluate (20 - -4) + -14 + -18 + 2 - -54.
48
Calculate 15 - (20 + 27 + -25 + 20).
-27
Calculate (-67 - -49 - -30) + (7 - 0).
19
What is the value of 1 + 3 + (12049 - 12052)?
1
Evaluate -151 + (276 - 14) + 7 + (-4 - (-3 - 0)).
117
-13 + 41 + (-4 - (2 - (-1 - -12)))
33
What is -99 + -33 + (19 - -82)?
-31
What is the value of 23 + (1 + -6 - 9) + -38 + 43?
14
(-5 - -75) + -125 - (30 + 0)
-85
What is the value of -8715 + 8818 - (47 + -2)?
58
Calculate (34 - 0) + (31403 - 31491).
-54
Calculate 155 + -44 + (-1 - 8) + -5 + 5.
102
What is the value of -4 + (81 - 71) + (7 - (6 + -3))?
10
What is 33 + (-4 - (-2 + 13) - -8)?
26
What is -214 - -170 - (-11 - 5)?
-28
-169 - (38 - (210 - 67))
-64
Evaluate 35 + (-19 - -98 - 86).
28
(1 - 0) + 14 + (72 - (-53 + 187))
-47
What is 97 - 4 - (-20 + -2 + 20 - -15)?
80
What is the value of (24 + -71 - 12) + 11?
-48
Calculate (-12 - 0 - (-10 + 11 + -9)) + (3 - -2).
1
What is the value of 47 - ((-3 - -4) + -3 - (-35 + (-78 - -97)))?
33
What is 21 - (14 + (-36 - -24 - -68))?
-49
27 - (21 - -13) - (6 + -115)
102
Calculate -30 + 20 + -8 + -25 - (0 + -2).
-41
What is the value of -177 + 181 + -1 + -2 + -72?
-71
Calculate (-103 - -112) + (-4 + -3 - -1) - 60 - -1.
-56
What is 74 - (-5 + -5 + 66)?
18
Evaluate (169 - 174) + (-1 - 26) + (-5 - -10) + -5.
-32
What is the value of 32 + (-68 - -10) + (29 - 0)?
3
(-2 - -19 - -4 - 29) + -4 + 13 + 3
4
Calculate -5 + 1 + (624 - 595) - -22.
47
What is the value of 2 - -71 - (2567 + -2520)?
26
What is -67 + -11 + 10 - (7 + -14 - (0 - 2))?
-63
Calculate 100 - (6 - 118 - -140).
72
-65 + 47 + 12 + -22 + 0 + 1 + 0
-27
Evaluate (32 - 41) + 11 + -37 - (14 - -1).
-50
What is (-692 - -502) + (124 - 16)?
-82
32 + 10 + (-1 - (-31 - -14)) + -14
44
What is the value of (1 - (-8 + 22)) + -4 + 223 + -73?
133
What is -3 - -22 - (219 + -242)?
42
Evaluate -102 - (81 + 29 + -162).
-50
Evaluate -4 - (0 + 4 + (-5 - -22 - 31)).
6
What is 9 + -32 + (-34 + 63 - -24)?
30
Evaluate -74 + -13 + (-2 - (-19 + -26)).
-44
Calculate -11 + -60 - (23 - (19 - (-23 - -23))).
-75
What is (71 - 1) + (-43 - -37) + 12 + -7?
69
What is the value of 2 + 52 - (16 - (21 + -23)) - (3 - 6)?
39
Calculate (-20 - (2 - 18 - -20 - 15)) + -4.
-13
Calculate -49 - (17 - (-19 + 45) - 20).
-20
What is -1073 + 1074 + (-40 - 1 - (3 + -1))?
-42
What is -9 - (-24 + -1 - (276 + -264) - -13)?
15
Evaluate -939 + 808 - (-4 - 3).
-124
What is the value of -61 + -72 + (7 - 0) + (-5 - (7 + -18))?
-120
Evaluate (12 - 8) + (0 - 20) + 49.
33
(-87 - -30) + 163 + -33 - (6 - 0)
67
What is the value of 7 + 5 + 13 - 3 - -22?
44
Evaluate (0 - -1) + (9 - ((12 - 6) + -10)).
14
What is the value of -27 - (-117 - (0 + (-19 - 3)))?
68
What is -24 + 40 + (-27 - 1) + -17 + 0?
-29
Calculate -5 + (-18 + -1 - (104 + -125) - (-30 - -2)).
25
What is the value of 2 + (31 - (-15 - -55) - (1 + -6)) + -45?
-47
What is the value of 2 + 11 + (-1 - 23) + 33?
22
What is the value of 63 - -9 - (0 + (1 - -3 - (6 - 5)))?
69
What is the value of 4 - (-3 + -4) - (-640 + 668)?
-17
Calculate 16 - (31 - (-44 + 63) - (53 + -1)).
56
What is the value of -11 + (-77 - -105 - (-8 + -1)) + -8 - -11?
29
What is the value of 859 + -851 + 10 + (-9 - -3)?
12
Evaluate (1541 - 1580) + (69 - 2).
28
Calculate -86 + (-1 - -18) + (66 - (44 + 24)).
-71
Calculate (-1 - (29 - 0)) + (-1 - 2) - (4327 + -4334).
-26
What is the value of 5 + -7 + 17 + 9 - -2?
26
What is (-114 - -46) + 5 - -90?
27
What is the value of (-47 + 74 - 124) + 30?
-67
What is (-5 - (-4 + 7 + -10)) + -52 - (-4 + 3)?
-49
-10 - -32 - (-38 - 1)
61
Evaluate -12 + (32 - -77 - 60).
37
43 - (-3 - (67 - 59))
54
What is -12 + -2 - (1089 - 1161)?
58
What is the value of (-305 - -335) + -19 + 78?
89
What is the value of -3 + -43 + (-7 + 4 - -13)?
-36
What is the value of (-36 - -22 - 3) + 42?
2